{"id":7,"date":"2025-08-25T10:45:13","date_gmt":"2025-08-25T13:45:13","guid":{"rendered":"https:\/\/eventos.uepb.edu.br\/ixsemex\/?page_id=7"},"modified":"2025-09-09T09:05:47","modified_gmt":"2025-09-09T12:05:47","slug":"apresentacao","status":"publish","type":"page","link":"https:\/\/eventos.uepb.edu.br\/ixsemex\/apresentacao\/","title":{"rendered":"Apresenta\u00e7\u00e3o do SEMEX"},"content":{"rendered":"<div class=\"wpb-content-wrapper\"><p>[vc_row][vc_column][vc_single_image image=&#8221;89&#8243; img_size=&#8221;full&#8221; css=&#8221;&#8221;][vc_text_separator title=&#8221;Apresenta\u00e7\u00e3o do SEMEX&#8221; i_icon_fontawesome=&#8221;fa fa-solid fa-angles-right&#8221; i_color=&#8221;custom&#8221; title_align=&#8221;separator_align_left&#8221; css=&#8221;.vc_custom_1757419545727{margin-top: 20px !important;margin-bottom: 20px !important;}&#8221; add_icon=&#8221;true&#8221; i_custom_color=&#8221;#CC0000&#8243;][vc_column_text css=&#8221;.vc_custom_1757419192080{margin-top: 20px !important;margin-bottom: 20px !important;}&#8221;]<\/p>\n<p class=\"western\" align=\"justify\"><span style=\"font-family: Calibri, sans-serif;\"><span style=\"font-size: medium;\"><span style=\"color: #444444;\">O <\/span><span style=\"color: #444444;\"><b>IX SEMIN\u00c1RIO DE EXTENS\u00c3O \u2013 SEMEX<\/b><\/span><span style=\"color: #444444;\"> \u00e9 o evento anual que congrega os programas, projetos, a\u00e7\u00f5es e, principalmente, as pessoas que materializam a atividade extensionista da Universidade Estadual da Para\u00edba.<\/span><\/span><\/span><\/p>\n<p class=\"western\" align=\"justify\"><span style=\"font-family: Calibri, sans-serif;\"><span style=\"font-size: medium;\"><span style=\"color: #444444;\">Seu prop\u00f3sito \u00e9 promover, discutir e difundir a Extens\u00e3o Universit\u00e1ria, al\u00e9m de estimular o di\u00e1logo interinstitucional e a troca de experi\u00eancias com as comunidades externas, fortalecendo ainda mais a pr\u00e1tica extensionista.<\/span><\/span><\/span><\/p>\n<p class=\"western\" align=\"justify\"><span style=\"font-family: Calibri, sans-serif;\"><span style=\"font-size: medium;\"><span style=\"color: #444444;\">O SEMEX contar\u00e1 com a apresenta\u00e7\u00e3o integrada dos resultados dos projetos e programas de extens\u00e3o cadastrados no PROBEX, publicizando e dando retorno \u00e0 sociedade das contribui\u00e7\u00f5es e participa\u00e7\u00e3o da universidade nas solu\u00e7\u00f5es de demandas e na realidade cotidiana da comunidade.<\/span><\/span><\/span><\/p>\n<p class=\"western\" align=\"justify\"><span style=\"font-family: Calibri, sans-serif;\"><span style=\"font-size: medium;\"><span style=\"color: #444444;\">Na edi\u00e7\u00e3o 2025, o SEMEX tem como tema central <\/span><span style=\"color: #444444;\"><b>\u201cEquidade, Inclus\u00e3o, Sustentabilidade e Inova\u00e7\u00e3o: Desafios na forma\u00e7\u00e3o acad\u00eamica contempor\u00e2nea\u201d<\/b><\/span><span style=\"color: #444444;\">, uma pauta abrangente e atual que integra as principais tem\u00e1ticas da extens\u00e3o universit\u00e1ria com a realidade de transforma\u00e7\u00f5es em curso na forma\u00e7\u00e3o acad\u00eamica.<\/span><\/span><\/span><\/p>\n<p class=\"western\" align=\"justify\"><span style=\"font-family: Calibri, sans-serif;\"><span style=\"font-size: medium;\"><span style=\"color: #444444;\">Sauda\u00e7\u00f5es aos participantes e bem-vindos ao movimento transformador da extens\u00e3o universit\u00e1ria!<\/span><\/span><\/span><\/p>\n<p class=\"western\" align=\"left\"><span style=\"color: #444444;\"><span style=\"font-family: Calibri, serif;\"><span style=\"font-size: medium;\">Sauda\u00e7\u00f5es extensionistas.<\/span><\/span><\/span><\/p>\n<p class=\"western\" align=\"left\"><b><span style=\"color: #444444;\"><span style=\"font-family: Calibri, serif;\"><span style=\"font-size: medium;\">Formato:<\/span><\/span><\/span><\/b> <span style=\"color: #444444;\"><span style=\"font-family: Calibri, serif;\"><span style=\"font-size: medium;\">h\u00edbrido<\/span><\/span><\/span><\/p>\n<p>[\/vc_column_text][\/vc_column][\/vc_row]<\/p>\n<\/div>","protected":false},"excerpt":{"rendered":"<p>[vc_row][vc_column][vc_single_image image=&#8221;89&#8243; img_size=&#8221;full&#8221; css=&#8221;&#8221;][vc_text_separator title=&#8221;Apresenta\u00e7\u00e3o do SEMEX&#8221; i_icon_fontawesome=&#8221;fa fa-solid fa-angles-right&#8221; i_color=&#8221;custom&#8221; title_align=&#8221;separator_align_left&#8221; css=&#8221;.vc_custom_1757419545727{margin-top: 20px !important;margin-bottom: 20px !important;}&#8221; add_icon=&#8221;true&#8221; i_custom_color=&#8221;#CC0000&#8243;][vc_column_text css=&#8221;.vc_custom_1757419192080{margin-top: 20px !important;margin-bottom: 20px !important;}&#8221;] O IX SEMIN\u00c1RIO DE EXTENS\u00c3O \u2013 SEMEX \u00e9 o evento anual que congrega os programas, projetos, a\u00e7\u00f5es e, principalmente, as pessoas que materializam a atividade extensionista da Universidade Estadual da Para\u00edba. <a class=\"leiamais\" href=\"https:\/\/eventos.uepb.edu.br\/ixsemex\/apresentacao\/\">Leia Mais&#8230;<\/a><\/p>\n","protected":false},"author":1,"featured_media":0,"parent":0,"menu_order":0,"comment_status":"closed","ping_status":"closed","template":"page-sem-titulo.php","meta":{"footnotes":""},"class_list":["post-7","page","type-page","status-publish","hentry"],"_links":{"self":[{"href":"https:\/\/eventos.uepb.edu.br\/ixsemex\/wp-json\/wp\/v2\/pages\/7","targetHints":{"allow":["GET"]}}],"collection":[{"href":"https:\/\/eventos.uepb.edu.br\/ixsemex\/wp-json\/wp\/v2\/pages"}],"about":[{"href":"https:\/\/eventos.uepb.edu.br\/ixsemex\/wp-json\/wp\/v2\/types\/page"}],"author":[{"embeddable":true,"href":"https:\/\/eventos.uepb.edu.br\/ixsemex\/wp-json\/wp\/v2\/users\/1"}],"replies":[{"embeddable":true,"href":"https:\/\/eventos.uepb.edu.br\/ixsemex\/wp-json\/wp\/v2\/comments?post=7"}],"version-history":[{"count":11,"href":"https:\/\/eventos.uepb.edu.br\/ixsemex\/wp-json\/wp\/v2\/pages\/7\/revisions"}],"predecessor-version":[{"id":102,"href":"https:\/\/eventos.uepb.edu.br\/ixsemex\/wp-json\/wp\/v2\/pages\/7\/revisions\/102"}],"wp:attachment":[{"href":"https:\/\/eventos.uepb.edu.br\/ixsemex\/wp-json\/wp\/v2\/media?parent=7"}],"curies":[{"name":"wp","href":"https:\/\/api.w.org\/{rel}","templated":true}]}}