{"id":110,"date":"2024-07-18T09:18:01","date_gmt":"2024-07-18T12:18:01","guid":{"rendered":"https:\/\/eventos.uepb.edu.br\/encontrodesinforpb\/?page_id=110"},"modified":"2024-10-18T15:24:55","modified_gmt":"2024-10-18T18:24:55","slug":"28-de-outubro","status":"publish","type":"page","link":"https:\/\/eventos.uepb.edu.br\/contradesinfopb\/28-de-outubro\/","title":{"rendered":"28 de Outubro"},"content":{"rendered":"<div class=\"wpb-content-wrapper\"><p>[vc_row][vc_column][vc_tta_tabs active_section=&#8221;1&#8243; css=&#8221;.vc_custom_1721305122403{margin-top: 30px !important;}&#8221;][vc_tta_section title=&#8221;08h&#8221; tab_id=&#8221;1721304984628-de8bf621-6ff9&#8243;][vc_column_text css=&#8221;.vc_custom_1727187678939{margin-top: 20px !important;}&#8221;]Apresenta\u00e7\u00e3o musical &#8211; Lily Sanfoneira[\/vc_column_text][\/vc_tta_section][vc_tta_section title=&#8221;08h30&#8243; tab_id=&#8221;1727187660121-f7c9893d-a24b&#8221;][vc_column_text css=&#8221;.vc_custom_1725712228594{margin-top: 20px !important;}&#8221;]<strong>Cerim\u00f4nia de abertura do evento<\/strong><\/p>\n<p>Participantes:<\/p>\n<ul>\n<li>Coordena\u00e7\u00e3o geral do evento &#8211; Juliana Marques<\/li>\n<li>Representante do STF<\/li>\n<li>Reitoria UEPB<\/li>\n<li>Reitoria UFPB<\/li>\n<li>Governo do Estado da Para\u00edba<\/li>\n<li>Secretaria de Pol\u00edticas Digitais &#8211; Governo Federal<\/li>\n<li>Assembleia Legislativa do Estado<\/li>\n<li>Prefeitura Municipal de Jo\u00e3o Pessoa<\/li>\n<\/ul>\n<p><strong>Local<\/strong>: Centro de Forma\u00e7\u00e3o de Educadores Professora Elisa Bezerra Mineiros &#8211; Rua Benevenuto Gon\u00e7alves da Costa, S\/N. Mangabeira. Jo\u00e3o Pessoa\/PB.<\/p>\n<div><\/div>\n<p>[\/vc_column_text][\/vc_tta_section][vc_tta_section title=&#8221;09h30&#8243; tab_id=&#8221;1721305011187-2a756b18-f6c4&#8243;][vc_column_text css=&#8221;.vc_custom_1729275896436{margin-top: 20px !important;}&#8221;]<strong>Mesa: \u201cTecnologias Emergentes e Desafios da Desinforma\u00e7\u00e3o: di\u00e1logos para a concep\u00e7\u00e3o de pol\u00edticas e a\u00e7\u00f5es\u201d\u00a0<\/strong><\/p>\n<p>1) &#8220;O fen\u00f4meno da desinforma\u00e7\u00e3o nos programas policialescos na TV&#8221; &#8211; Me. Mabel Dias<\/p>\n<p>2) \u201cDeep fakes: n\u00e3o acredite, nem vendo ou ouvindo\u201d &#8211; Brunno Sarttori<\/p>\n<p>3) \u201cEntre a evid\u00eancia e a desinforma\u00e7\u00e3o cient\u00edfica: um olhar cr\u00edtico sobre o compartilhamento de pesquisas no Brasil\u201d &#8211; Dr. Ronaldo Ferreira Ara\u00fajo (UFAL)<\/p>\n<p>4) &#8220;Economia pol\u00edtica da Desinforma\u00e7\u00e3o e o papel das plataformas na ascens\u00e3o da extrema-direita&#8221; &#8211;\u00a0Dr. Rafael Evangelista (Comit\u00ea Gestor da Internet &#8211; CGI)<\/p>\n<p><strong>Media\u00e7\u00e3o<\/strong>: Dr. Fellipe Brasileiro (UFPB)<\/p>\n<p><strong>Local<\/strong>: Centro de Forma\u00e7\u00e3o de Educadores Professora Elisa Bezerra Mineiros &#8211; Rua Benevenuto Gon\u00e7alves da Costa, S\/N. Mangabeira. Jo\u00e3o Pessoa\/PB.<\/p>\n<div><\/div>\n<p>[\/vc_column_text][\/vc_tta_section][vc_tta_section title=&#8221;12h&#8221; tab_id=&#8221;1721304984630-0cfbe421-da93&#8243;][vc_column_text css=&#8221;.vc_custom_1727187701076{margin-top: 20px !important;}&#8221;]<span style=\"font-weight: 400;\">Declama\u00e7\u00e3o de cordel &#8211; J Lima<\/span>[\/vc_column_text][\/vc_tta_section][vc_tta_section title=&#8221;14h&#8221; tab_id=&#8221;1727187685497-b91c14f8-c1cc&#8221;][vc_column_text css=&#8221;.vc_custom_1728583265909{margin-top: 20px !important;}&#8221;]<strong>Mesa Tem\u00e1tica: Estrat\u00e9gias de Enfrentamento \u00e0 Desinforma\u00e7\u00e3o\u00a0<\/strong><\/p>\n<p>1) \u201cA\u00e7\u00f5es de comunica\u00e7\u00e3o no STF para a defesa de direitos fundamentais do ser humano\u201d &#8211; Dr. Gabriela Guerreiro &#8211; Coordenadora de Imprensa do STF<\/p>\n<p>2) \u201cProjeto Fake t\u00f4 fora: a educa\u00e7\u00e3o midi\u00e1tica de estudantes e forma\u00e7\u00e3o de professores como a\u00e7\u00f5es do Programa Educam\u00eddia\u201d &#8211; Instituto Palavra Aberta &#8211; Daniela Machado &#8211; Coordenadora do Educam\u00eddia.<\/p>\n<p>3) \u201cEstrat\u00e9gias Multifacetadas para Enfrentamento \u00e0 Desinforma\u00e7\u00e3o: a Atua\u00e7\u00e3o do Governo Federal&#8221; &#8211; Me. Marina Meira &#8211; Coordenadora de pol\u00edticas de liberdade de express\u00e3o e enfrentamento \u00e0 desinforma\u00e7\u00e3o &#8211; Governo Federal<\/p>\n<p>4) Consci\u00eancia coletiva em rede para combater a\u00a0desinforma\u00e7\u00e3o &#8211; Dra. Rachel Bertol &#8211; Rede Nacional de\u00a0Combate \u00e0 Desinforma\u00e7\u00e3o (RNCD)<\/p>\n<p><strong>Media\u00e7\u00e3o<\/strong>: Edvaldo Carvalho Alves (PPGCI\/UFPB)<\/p>\n<p><strong>Local<\/strong>: Centro de Forma\u00e7\u00e3o de Educadores Professora Elisa Bezerra Mineiros &#8211; Rua Benevenuto Gon\u00e7alves da Costa, S\/N. Mangabeira. Jo\u00e3o Pessoa\/PB.[\/vc_column_text][\/vc_tta_section][vc_tta_section title=&#8221;17h&#8221; tab_id=&#8221;1721305488246-a443b3b9-6987&#8243;][vc_column_text css=&#8221;.vc_custom_1727446721168{margin-top: 20px !important;}&#8221;]<strong>Lan\u00e7amento do Guia de resist\u00eancia \u00e0 desinforma\u00e7\u00e3o (UEPB) \u2013 Dra. Juliana Marques e\u00a0 Me. Ana Paula Alencar<\/strong><\/p>\n<p><strong>Local<\/strong>: Centro de Forma\u00e7\u00e3o de Educadores Professora Elisa Bezerra Mineiros &#8211; Rua Benevenuto Gon\u00e7alves da Costa, S\/N. Mangabeira. Jo\u00e3o Pessoa\/PB.[\/vc_column_text][\/vc_tta_section][vc_tta_section title=&#8221;17h30&#8243; tab_id=&#8221;1727187705823-f820e05c-6514&#8243;][vc_column_text css=&#8221;.vc_custom_1727271464973{margin-top: 20px !important;}&#8221;]<strong>Coffee break e apresenta\u00e7\u00e3o musical &#8211; Pedro Paz.<\/strong>[\/vc_column_text][\/vc_tta_section][\/vc_tta_tabs][\/vc_column][\/vc_row]<\/p>\n<\/div>","protected":false},"excerpt":{"rendered":"<p>[vc_row][vc_column][vc_tta_tabs active_section=&#8221;1&#8243; css=&#8221;.vc_custom_1721305122403{margin-top: 30px !important;}&#8221;][vc_tta_section title=&#8221;08h&#8221; tab_id=&#8221;1721304984628-de8bf621-6ff9&#8243;][vc_column_text css=&#8221;.vc_custom_1727187678939{margin-top: 20px !important;}&#8221;]Apresenta\u00e7\u00e3o musical &#8211; Lily Sanfoneira[\/vc_column_text][\/vc_tta_section][vc_tta_section title=&#8221;08h30&#8243; tab_id=&#8221;1727187660121-f7c9893d-a24b&#8221;][vc_column_text css=&#8221;.vc_custom_1725712228594{margin-top: 20px !important;}&#8221;]Cerim\u00f4nia de abertura do evento Participantes: Coordena\u00e7\u00e3o geral do evento &#8211; Juliana Marques Representante do STF Reitoria UEPB Reitoria UFPB Governo do Estado da Para\u00edba Secretaria de Pol\u00edticas Digitais &#8211; Governo Federal Assembleia Legislativa do Estado Prefeitura <a class=\"leiamais\" href=\"https:\/\/eventos.uepb.edu.br\/contradesinfopb\/28-de-outubro\/\">Leia Mais&#8230;<\/a><\/p>\n","protected":false},"author":1,"featured_media":0,"parent":0,"menu_order":0,"comment_status":"closed","ping_status":"closed","template":"","meta":{"footnotes":""},"class_list":["post-110","page","type-page","status-publish","hentry"],"_links":{"self":[{"href":"https:\/\/eventos.uepb.edu.br\/contradesinfopb\/wp-json\/wp\/v2\/pages\/110","targetHints":{"allow":["GET"]}}],"collection":[{"href":"https:\/\/eventos.uepb.edu.br\/contradesinfopb\/wp-json\/wp\/v2\/pages"}],"about":[{"href":"https:\/\/eventos.uepb.edu.br\/contradesinfopb\/wp-json\/wp\/v2\/types\/page"}],"author":[{"embeddable":true,"href":"https:\/\/eventos.uepb.edu.br\/contradesinfopb\/wp-json\/wp\/v2\/users\/1"}],"replies":[{"embeddable":true,"href":"https:\/\/eventos.uepb.edu.br\/contradesinfopb\/wp-json\/wp\/v2\/comments?post=110"}],"version-history":[{"count":20,"href":"https:\/\/eventos.uepb.edu.br\/contradesinfopb\/wp-json\/wp\/v2\/pages\/110\/revisions"}],"predecessor-version":[{"id":333,"href":"https:\/\/eventos.uepb.edu.br\/contradesinfopb\/wp-json\/wp\/v2\/pages\/110\/revisions\/333"}],"wp:attachment":[{"href":"https:\/\/eventos.uepb.edu.br\/contradesinfopb\/wp-json\/wp\/v2\/media?parent=110"}],"curies":[{"name":"wp","href":"https:\/\/api.w.org\/{rel}","templated":true}]}}