{"id":2186,"date":"2024-11-06T09:32:32","date_gmt":"2024-11-06T12:32:32","guid":{"rendered":"https:\/\/eventos.uepb.edu.br\/congressouniversitario\/?page_id=2186"},"modified":"2024-11-06T09:37:34","modified_gmt":"2024-11-06T12:37:34","slug":"inscricao-no-congresso","status":"publish","type":"page","link":"https:\/\/eventos.uepb.edu.br\/congressouniversitario\/inscricao-no-congresso\/","title":{"rendered":"Inscri\u00e7\u00e3o no Congresso"},"content":{"rendered":"<p><strong>Inscri\u00e7\u00e3o no Congresso<\/strong><\/p>\n<p>N\u00e3o conseguiu se inscrever em nenhum dos eventos? Fa\u00e7a sua inscri\u00e7\u00e3o como ouvinte do Congresso Universit\u00e1rio e tenha acesso \u00e0s atividades, exceto minicursos e oficinas.<\/p>\n<p>Link para inscri\u00e7\u00e3o como ouvinte:<\/p>\n<p><a href=\"https:\/\/suap.uepb.edu.br\/eventos\/inscricao\/104\/\">https:\/\/suap.uepb.edu.br\/eventos\/inscricao\/104\/<\/a><\/p>\n<p><span style=\"color: #ff0000\">Aten\u00e7\u00e3o: <\/span><\/p>\n<ul>\n<li>Ao se inscrever agora voc\u00ea n\u00e3o receber\u00e1 material do evento (pasta, crach\u00e1, bloco), mas ao participar ter\u00e1 direito \u00e0 certifica\u00e7\u00e3o.<\/li>\n<li>Se voc\u00ea havia efetuado sua se inscri\u00e7\u00e3o algum evento, n\u00e3o se preocupe o seu certificado como ouvinte no Congresso est\u00e1 garantido, desde que participe de 75% da programa\u00e7\u00e3o do seu evento.<\/li>\n<\/ul>\n<p>&nbsp;<\/p>\n","protected":false},"excerpt":{"rendered":"<p>Inscri\u00e7\u00e3o no Congresso N\u00e3o conseguiu se inscrever em nenhum dos eventos? Fa\u00e7a sua inscri\u00e7\u00e3o como ouvinte do Congresso Universit\u00e1rio e tenha acesso \u00e0s atividades, exceto minicursos e oficinas. Link para inscri\u00e7\u00e3o como ouvinte: https:\/\/suap.uepb.edu.br\/eventos\/inscricao\/104\/ Aten\u00e7\u00e3o: Ao se inscrever agora voc\u00ea n\u00e3o receber\u00e1 material do evento (pasta, crach\u00e1, bloco), mas ao participar ter\u00e1 direito \u00e0 certifica\u00e7\u00e3o. <a class=\"leiamais\" href=\"https:\/\/eventos.uepb.edu.br\/congressouniversitario\/inscricao-no-congresso\/\">Leia Mais&#8230;<\/a><\/p>\n","protected":false},"author":6,"featured_media":0,"parent":0,"menu_order":0,"comment_status":"closed","ping_status":"closed","template":"","meta":{"footnotes":""},"class_list":["post-2186","page","type-page","status-publish","hentry"],"_links":{"self":[{"href":"https:\/\/eventos.uepb.edu.br\/congressouniversitario\/wp-json\/wp\/v2\/pages\/2186","targetHints":{"allow":["GET"]}}],"collection":[{"href":"https:\/\/eventos.uepb.edu.br\/congressouniversitario\/wp-json\/wp\/v2\/pages"}],"about":[{"href":"https:\/\/eventos.uepb.edu.br\/congressouniversitario\/wp-json\/wp\/v2\/types\/page"}],"author":[{"embeddable":true,"href":"https:\/\/eventos.uepb.edu.br\/congressouniversitario\/wp-json\/wp\/v2\/users\/6"}],"replies":[{"embeddable":true,"href":"https:\/\/eventos.uepb.edu.br\/congressouniversitario\/wp-json\/wp\/v2\/comments?post=2186"}],"version-history":[{"count":1,"href":"https:\/\/eventos.uepb.edu.br\/congressouniversitario\/wp-json\/wp\/v2\/pages\/2186\/revisions"}],"predecessor-version":[{"id":2187,"href":"https:\/\/eventos.uepb.edu.br\/congressouniversitario\/wp-json\/wp\/v2\/pages\/2186\/revisions\/2187"}],"wp:attachment":[{"href":"https:\/\/eventos.uepb.edu.br\/congressouniversitario\/wp-json\/wp\/v2\/media?parent=2186"}],"curies":[{"name":"wp","href":"https:\/\/api.w.org\/{rel}","templated":true}]}}