{"id":1851,"date":"2024-09-17T11:48:52","date_gmt":"2024-09-17T14:48:52","guid":{"rendered":"https:\/\/eventos.uepb.edu.br\/congressouniversitario\/?page_id=1851"},"modified":"2024-09-17T11:48:52","modified_gmt":"2024-09-17T14:48:52","slug":"apresentacao-do-congresso-2","status":"publish","type":"page","link":"https:\/\/eventos.uepb.edu.br\/congressouniversitario\/apresentacao-do-congresso-2\/","title":{"rendered":"Apresenta\u00e7\u00e3o do Congresso."},"content":{"rendered":"<p class=\"western\">Com a tem\u00e1tica \u201cInova\u00e7\u00e3o e Transforma\u00e7\u00e3o: a agenda 2030\u201d, o IV Congresso Universit\u00e1rio da UEPB traz a atualidade das discuss\u00f5es que envolvem a sociedade e o planejamento para as futuras gera\u00e7\u00f5es e, portanto, articulando-se com as discuss\u00f5es que envolvem ensino, pesquisa e extens\u00e3o na UEPB. Propomos ampliar a divulga\u00e7\u00e3o da produ\u00e7\u00e3o do conhecimento desenvolvida por docentes, discentes e t\u00e9cnicos da UEPB. Para essa edi\u00e7\u00e3o est\u00e3o previstas atividades envolvendo a comunidade acad\u00eamica dos oito campi da UEPB nos formatos presencial, remoto e h\u00edbrido.<\/p>\n<p class=\"western\">Nesse sentido, o IV Congresso Universit\u00e1rio da UEPB objetiva unir saberes e fortalecer os alicerces da tr\u00edade ensino, pesquisa e extens\u00e3o.<\/p>\n<p>&nbsp;<\/p>\n<p class=\"western\">Esperamos por voc\u00eas de 06 a 08 de novembro de 2024!<\/p>\n<p>&nbsp;<\/p>\n<p class=\"western\">Coordena\u00e7\u00e3o Geral do IV Congresso Universit\u00e1rio da UEPB<\/p>\n","protected":false},"excerpt":{"rendered":"<p>Com a tem\u00e1tica \u201cInova\u00e7\u00e3o e Transforma\u00e7\u00e3o: a agenda 2030\u201d, o IV Congresso Universit\u00e1rio da UEPB traz a atualidade das discuss\u00f5es que envolvem a sociedade e o planejamento para as futuras gera\u00e7\u00f5es e, portanto, articulando-se com as discuss\u00f5es que envolvem ensino, pesquisa e extens\u00e3o na UEPB. Propomos ampliar a divulga\u00e7\u00e3o da produ\u00e7\u00e3o do conhecimento desenvolvida por <a class=\"leiamais\" href=\"https:\/\/eventos.uepb.edu.br\/congressouniversitario\/apresentacao-do-congresso-2\/\">Leia Mais&#8230;<\/a><\/p>\n","protected":false},"author":6,"featured_media":0,"parent":0,"menu_order":0,"comment_status":"closed","ping_status":"closed","template":"","meta":{"footnotes":""},"class_list":["post-1851","page","type-page","status-publish","hentry"],"_links":{"self":[{"href":"https:\/\/eventos.uepb.edu.br\/congressouniversitario\/wp-json\/wp\/v2\/pages\/1851","targetHints":{"allow":["GET"]}}],"collection":[{"href":"https:\/\/eventos.uepb.edu.br\/congressouniversitario\/wp-json\/wp\/v2\/pages"}],"about":[{"href":"https:\/\/eventos.uepb.edu.br\/congressouniversitario\/wp-json\/wp\/v2\/types\/page"}],"author":[{"embeddable":true,"href":"https:\/\/eventos.uepb.edu.br\/congressouniversitario\/wp-json\/wp\/v2\/users\/6"}],"replies":[{"embeddable":true,"href":"https:\/\/eventos.uepb.edu.br\/congressouniversitario\/wp-json\/wp\/v2\/comments?post=1851"}],"version-history":[{"count":1,"href":"https:\/\/eventos.uepb.edu.br\/congressouniversitario\/wp-json\/wp\/v2\/pages\/1851\/revisions"}],"predecessor-version":[{"id":1852,"href":"https:\/\/eventos.uepb.edu.br\/congressouniversitario\/wp-json\/wp\/v2\/pages\/1851\/revisions\/1852"}],"wp:attachment":[{"href":"https:\/\/eventos.uepb.edu.br\/congressouniversitario\/wp-json\/wp\/v2\/media?parent=1851"}],"curies":[{"name":"wp","href":"https:\/\/api.w.org\/{rel}","templated":true}]}}