{"id":1317,"date":"2024-08-23T10:40:51","date_gmt":"2024-08-23T13:40:51","guid":{"rendered":"https:\/\/eventos.uepb.edu.br\/congressouniversitario\/?page_id=1317"},"modified":"2024-10-15T14:32:02","modified_gmt":"2024-10-15T17:32:02","slug":"congresso-universitario-no-ccea","status":"publish","type":"page","link":"https:\/\/eventos.uepb.edu.br\/congressouniversitario\/congresso-universitario-no-ccea\/","title":{"rendered":"Congresso Universit\u00e1rio no CCEA"},"content":{"rendered":"<div class=\"wpb-content-wrapper\"><p>[vc_row][vc_column][vc_tta_tour][vc_tta_section title=&#8221;Apresenta\u00e7\u00e3o&#8221; tab_id=&#8221;1723051350484-74ca6583-f13f&#8221;][vc_column_text css=&#8221;&#8221;]<img loading=\"lazy\" decoding=\"async\" class=\"alignleft size-medium wp-image-1865 img-responsive\" src=\"https:\/\/eventos.uepb.edu.br\/congressouniversitario\/wp-content\/uploads\/sites\/7\/2024\/09\/CCEA-01-300x151.png\" alt=\"\" width=\"300\" height=\"151\" srcset=\"https:\/\/eventos.uepb.edu.br\/congressouniversitario\/wp-content\/uploads\/sites\/7\/2024\/09\/CCEA-01-300x151.png 300w, https:\/\/eventos.uepb.edu.br\/congressouniversitario\/wp-content\/uploads\/sites\/7\/2024\/09\/CCEA-01-1536x771.png 1536w, https:\/\/eventos.uepb.edu.br\/congressouniversitario\/wp-content\/uploads\/sites\/7\/2024\/09\/CCEA-01-1120x562.png 1120w, https:\/\/eventos.uepb.edu.br\/congressouniversitario\/wp-content\/uploads\/sites\/7\/2024\/09\/CCEA-01.png 1772w\" sizes=\"auto, (max-width: 300px) 100vw, 300px\" \/><\/p>\n<p>&nbsp;<\/p>\n<p>&nbsp;<\/p>\n<p>&nbsp;<\/p>\n<p>&nbsp;<\/p>\n<p>&nbsp;<\/p>\n<p><strong>Congresso Universit\u00e1rio no CCEA<\/strong><\/p>\n<p><strong>Tem\u00e1tica:<\/strong> Conex\u00f5es entre Empreendedorismo, Inova\u00e7\u00e3o e Educa\u00e7\u00e3o<\/p>\n<p>O &#8220;Congresso Universit\u00e1rio no CCEA&#8221; visa promover a integra\u00e7\u00e3o entre os cursos de gradua\u00e7\u00e3o do Centro de Ci\u00eancias Exatas e Sociais Aplicadas: Administra\u00e7\u00e3o, Computa\u00e7\u00e3o, F\u00edsica e Matem\u00e1tica. Trazendo uma programa\u00e7\u00e3o que oferece atividades de interesse entre os quatro cursos, o &#8220;Congresso Universit\u00e1rio no CCEA&#8221; se destaca por promover o debate entre as conex\u00f5es dos tr\u00eas pilares que constituem a tem\u00e1tica do evento: Empreendedorismo, Inova\u00e7\u00e3o e Educa\u00e7\u00e3o, promovendo, assim, o dialogo entre os discentes dos cursos do CCEA.<\/p>\n<p><strong>Formato:<\/strong> H\u00edbrido<\/p>\n<p><strong>P\u00fablico-alvo:<\/strong> Alunos dos cursos de gradua\u00e7\u00e3o do Centro de Ci\u00eancias Sociais e Aplicadas.<\/p>\n<p><strong>Local:<\/strong> Salas virtuais e no Campus VII, Centro de Ci\u00eancias Exatas e Sociais Aplicadas, Rua Alfredo Lustosa Cabral, s\/n. Salgadinho. CEP: 58706550 &#8211; Patos, PB &#8211; Brasil.[\/vc_column_text][\/vc_tta_section][vc_tta_section title=&#8221;Comiss\u00e3o Organizadora&#8221; tab_id=&#8221;1723051372044-4de7e0c8-ac23&#8243;][vc_column_text css=&#8221;&#8221;]<strong>Coordenador: <\/strong><\/p>\n<p>Ademir Benteus Pampu, Campus 7, Curso de Matem\u00e1tica &#8211; CCEA<\/p>\n<p><strong>Organizadores(as): <\/strong><\/p>\n<p>Cl\u00e9ssia Fernandes de Brito Santiago, Campus 7, Curso de Administra\u00e7\u00e3o &#8211; CCEA<\/p>\n<p>Janderson Jason Barbosa Aguiar, Campus 7, Curso de Computa\u00e7\u00e3o &#8211; CCEA[\/vc_column_text][\/vc_tta_section][vc_tta_section title=&#8221;Programa\u00e7\u00e3o&#8221; tab_id=&#8221;1723051406819-7e54b22e-71d5&#8243;][vc_column_text css=&#8221;&#8221;]<strong>06\/11\/2024<\/strong><\/p>\n<p>&nbsp;<\/p>\n<p>&nbsp;<\/p>\n<p><strong>Mostra de Est\u00e1gio: Mostra de Est\u00e1gio do curso de Ci\u00eancia da Computa\u00e7\u00e3o<\/strong><\/p>\n<p>Hora de in\u00edcio da atividade: 8h<\/p>\n<p>Hora de fim da atividade: 11h<\/p>\n<p>Carga Hor\u00e1ria: 3 horas<\/p>\n<p><strong>\u00a0<\/strong><\/p>\n<p><strong>\u00a0<\/strong><\/p>\n<p><strong>Oficina: Inclus\u00e3o no Ensino de Matem\u00e1tica: Estrat\u00e9gias e Atividades para Alunos com Discalculia \u00e0 Luz da LBI<\/strong><\/p>\n<p>Hora de in\u00edcio da atividade: 09h30<\/p>\n<p>Hora de fim da atividade: 11h30<\/p>\n<p>Limite de Inscri\u00e7\u00f5es: 30 vagas.<\/p>\n<p>&nbsp;<\/p>\n<p><strong>\u00a0<\/strong><\/p>\n<p><strong>Oficina: <\/strong><strong>Revisitando as bases da matem\u00e1tica: Nivelamento em matem\u00e1tica b\u00e1sica com o Projeto Delta.<\/strong><\/p>\n<p>Hora de in\u00edcio da atividade: 08h30<\/p>\n<p>Hora de fim da atividade: \u00a011h30<\/p>\n<p>Limite de Inscri\u00e7\u00f5es: 30 vagas.<\/p>\n<p><strong>\u00a0<\/strong><\/p>\n<p><strong>\u00a0<\/strong><\/p>\n<p><strong>07\/11\/2024<\/strong><\/p>\n<p>&nbsp;<\/p>\n<p><strong>Mesa redonda: Di\u00e1logos e interse\u00e7\u00f5es entre empreendedorismo, inova\u00e7\u00e3o e educa\u00e7\u00e3o<\/strong><\/p>\n<p>Hora de in\u00edcio da atividade: 19h<\/p>\n<p>Hora de fim da atividade: 22h<\/p>\n<p>Carga Hor\u00e1ria: 3 horas<\/p>\n<p>&nbsp;<\/p>\n<p>&nbsp;<\/p>\n<p><strong>Oficina: <\/strong><strong>Plant\u00e3o TCC<\/strong><\/p>\n<p>Hora de in\u00edcio da atividade: 09h<\/p>\n<p>Hora de fim da atividade: 11h<\/p>\n<p>Limite de Inscri\u00e7\u00f5es: 30 vagas.<\/p>\n<p>&nbsp;<\/p>\n<p><strong>Oficina: <\/strong><strong>Plant\u00e3o TCC<\/strong><\/p>\n<p>Data: 07\/11\/2024<\/p>\n<p>Hora de in\u00edcio da atividade: 19h<\/p>\n<p>Hora de fim da atividade: 21h<\/p>\n<p>Limite de Inscri\u00e7\u00f5es: 30 vagas.<\/p>\n<p><strong>\u00a0<\/strong><\/p>\n<p><strong>\u00a0<\/strong><\/p>\n<p><strong>08\/11\/2024<\/strong><\/p>\n<p>&nbsp;<\/p>\n<p><strong>Atividade Cultural: II Show de Talentos<\/strong><\/p>\n<p>Hora de in\u00edcio da atividade: 19h<\/p>\n<p>Hora de fim da atividade: 22h<\/p>\n<p>Carga Hor\u00e1ria: 3 horas<\/p>\n<p>&nbsp;<\/p>\n<p><strong>\u00a0<\/strong><\/p>\n<p><strong>Minicurso: Desigualdades geom\u00e9tricas<\/strong><\/p>\n<p>Hora de in\u00edcio da atividade: 8h<\/p>\n<p>Hora de fim da atividade: 11h<\/p>\n<p>Limite de Inscri\u00e7\u00f5es (quantidade de vagas): 30 vagas.<\/p>\n<p>&nbsp;<\/p>\n<p><strong>Minicurso: Desigualdades geom\u00e9tricas<\/strong><\/p>\n<p>Hora de in\u00edcio da atividade: 18h30<\/p>\n<p>Hora de fim da atividade: 21h30<\/p>\n<p>Limite de Inscri\u00e7\u00f5es (quantidade de vagas): 30 vagas.<\/p>\n<p>&nbsp;<\/p>\n<p>&nbsp;<\/p>\n<p><strong>Minicurso: Como a Intelig\u00eancia Artificial pode facilitar o processo de ensino-aprendizagem de matem\u00e1tica.<\/strong><\/p>\n<p>Hora de in\u00edcio da atividade: 8h<\/p>\n<p>Hora de fim da atividade: 10h<\/p>\n<p>Limite de Inscri\u00e7\u00f5es: 20 vagas.<\/p>\n<p>&nbsp;<\/p>\n<p><strong>Minicurso (remoto): Metodologias ativas e tecnologias digitais: alternativas para engajar estudantes e efetivar a doc\u00eancia online.<\/strong><\/p>\n<p>Hora de in\u00edcio da atividade: 15h<\/p>\n<p>Hora de fim da atividade: 17 h<\/p>\n<p>Limite de Inscri\u00e7\u00f5es: 98 vagas.<\/p>\n<p>&nbsp;<\/p>\n<p>&nbsp;<\/p>\n<p><strong>Minicurso (remoto): <\/strong><strong>TCC Descomplicado: Atualiza\u00e7\u00f5es e Ferramentas Necess\u00e1rias<\/strong><\/p>\n<p>Hora de in\u00edcio da atividade: 08h<\/p>\n<p>Hora de fim da atividade: \u00a010h<\/p>\n<p>Limite de Inscri\u00e7\u00f5es: 98 vagas.<\/p>\n<p>&nbsp;<\/p>\n<p><strong>06\/11\/2024, 07\/11\/2024 e 08\/11\/2024<\/strong><\/p>\n<p>&nbsp;<\/p>\n<p>Atividade esportiva: Gincana Interci\u00eancias<\/p>\n<p>Hora de in\u00edcio da atividade: 8h e 19h<\/p>\n<p>Hora de fim da atividade: 12h e 21h<\/p>\n<p>Carga Hor\u00e1ria: 18 horas<\/p>\n<p><strong>Obs.:<\/strong> A atividade tem cunho esportivo, com o intuito de integrar os estudantes do CCEA e\u00a0 acontecer\u00e1 nos dois turnos: manh\u00e3 (de 8h \u00e0s 12h) e noite (19h \u00e0s 21h).<\/p>\n<p>&nbsp;<\/p>\n<p>&nbsp;<\/p>\n<p><strong>07\/11\/2024 (Parte I) e 08\/11\/2024 (Parte II)<\/strong><\/p>\n<p><strong>\u00a0<\/strong><\/p>\n<p><strong>Oficina (remota): Sete passos para produzir um artigo cient\u00edfico<\/strong><\/p>\n<p>Hora de in\u00edcio da atividade: 8h<\/p>\n<p>Hora de fim da atividade: 10h<\/p>\n<p>Limite de Inscri\u00e7\u00f5es: 98 Vagas<\/p>\n<p><strong>\u00a0<\/strong><\/p>\n<p><strong>\u00a0<\/strong><\/p>\n<p><strong>07\/11\/2024 <\/strong><span style=\"color: #202124\"><span style=\"font-family: Roboto, serif\"><b>(Parte I) <\/b><\/span><\/span><strong>e 08\/11\/2024 (Parte II)<\/strong><\/p>\n<p>&nbsp;<\/p>\n<p><strong>Minicurso: Inova\u00e7\u00e3o Social, Cient\u00edfica e Tecnol\u00f3gica<\/strong><\/p>\n<p>Hora de in\u00edcio da atividade: 18h30<\/p>\n<p>Hora de fim da atividade: 21h30<\/p>\n<p>Carga Hor\u00e1ria: 3 horas.<\/p>\n<p>Limite de Inscri\u00e7\u00f5es: 30 vagas.<\/p>\n<p>&nbsp;<\/p>\n<p><strong>Minicurso: <\/strong><strong>An\u00e1lise de Dados Cient\u00edficos: Uma introdu\u00e7\u00e3o ao SPSS<\/strong><\/p>\n<p>Hora de in\u00edcio da atividade: 18h30<\/p>\n<p>Hora de fim da atividade: \u00a021h30<\/p>\n<p>Carga Hor\u00e1ria: 3 horas.<\/p>\n<p>Limite de Inscri\u00e7\u00f5es: 30 vagas.[\/vc_column_text][\/vc_tta_section][vc_tta_section title=&#8221;Inscri\u00e7\u00f5es e Credenciamento&#8221; tab_id=&#8221;1723056810590-d369a7e8-5186&#8243;][vc_column_text css=&#8221;&#8221;]<\/p>\n<p class=\"western\" align=\"justify\"><span style=\"color: #2a6099\"><span style=\"font-family: Arial, serif\"><span style=\"font-size: small\">Normas para Inscri\u00e7\u00e3o e Credenciamento<\/span><\/span><\/span><\/p>\n<p class=\"western\" align=\"justify\"><span style=\"font-family: Arial, serif\"><span style=\"font-size: small\">Prazo para inscri\u00e7\u00e3o \u2013 at\u00e9 <\/span><\/span><span style=\"font-family: Arial, serif\"><span style=\"font-size: small\"><b><del>15 DE OUTUBRO DE 2024<\/del> <span style=\"color: #0000ff\">20 DE OUTUBRO DE 2024<\/span><\/b><\/span><\/span><\/p>\n<p class=\"western\" align=\"justify\"><span style=\"font-family: Arial, serif\"><span style=\"font-size: small\"><b>ATEN\u00c7\u00c3O:<\/b><\/span><\/span><span style=\"font-family: Arial, serif\"><span style=\"font-size: small\"> n\u00e3o haver\u00e1 inscri\u00e7\u00f5es ap\u00f3s essa data e o credenciamento s\u00f3 ser\u00e1 realizado para os inscritos.<\/span><\/span><\/p>\n<p class=\"western\" align=\"justify\"><span style=\"font-family: Arial, serif\"><span style=\"font-size: small\">Siga as normas, inscreva-se e participe conosco!<\/span><\/span><\/p>\n<p class=\"western\" align=\"justify\"><span style=\"color: #2a6099\"><span style=\"font-family: Arial, serif\"><span style=\"font-size: small\">Regras gerais sobre as inscri\u00e7\u00f5es<\/span><\/span><\/span><\/p>\n<p class=\"western\" align=\"justify\"><span style=\"font-family: Arial, serif\"><span style=\"font-size: small\">Todos(as) os(as) participantes dever\u00e3o realizar inscri\u00e7\u00f5es no <strong>Congresso Universit\u00e1rio no CCEA.<\/strong><\/span><\/span><\/p>\n<p class=\"western\" align=\"justify\"><span style=\"font-family: Arial, serif\"><span style=\"font-size: small\">As inscri\u00e7\u00f5es dever\u00e3o ser efetuadas por meio do preenchimento do formul\u00e1rio on-line, observando-se os prazos estabelecidos para cada modalidade de inscri\u00e7\u00e3o.<\/span><\/span><\/p>\n<p class=\"western\" align=\"justify\"><span style=\"font-family: Arial, serif\"><span style=\"font-size: small\">No item \u201cPerfil\u201d, escolha uma das op\u00e7\u00f5es segundo o seu v\u00ednculo com a UEPB:<\/span><\/span><\/p>\n<p class=\"western\" align=\"justify\">\u2022 <span style=\"font-family: Arial, serif\"><span style=\"font-size: small\">SERVIDOR (docente ou t\u00e9cnico administrativo);<\/span><\/span><\/p>\n<p class=\"western\" align=\"justify\">\u2022 <span style=\"font-family: Arial, serif\"><span style=\"font-size: small\">ALUNO (gradua\u00e7\u00e3o ou p\u00f3s).<\/span><\/span><\/p>\n<p class=\"western\" align=\"justify\">\u2022 <span style=\"font-family: Arial, serif\"><span style=\"font-size: small\">P\u00daBLICO EXTERNO \u2013 refere-se a toda e qualquer pessoa <\/span><\/span><span style=\"font-family: Arial, serif\"><span style=\"font-size: small\"><b>sem v\u00ednculo com a UEPB<\/b><\/span><\/span><span style=\"font-family: Arial, serif\"><span style=\"font-size: small\"> que deseja participar do Evento.<\/span><\/span><\/p>\n<p class=\"western\" align=\"justify\"><span style=\"font-family: Arial, serif\"><span style=\"font-size: small\">Para a finaliza\u00e7\u00e3o da inscri\u00e7\u00e3o, faz-se necess\u00e1rio optar por pelo menos uma atividade (MINICURSOS OU OFICINAS).<\/span><\/span><\/p>\n<p class=\"western\" align=\"justify\"><span style=\"font-family: Arial, serif\"><span style=\"font-size: small\">Caso <\/span><\/span><span style=\"font-family: Arial, serif\"><span style=\"font-size: small\"><b>N\u00c3O DESEJE <\/b><\/span><\/span><span style=\"font-family: Arial, serif\"><span style=\"font-size: small\">participar de nenhuma atividade (minicursos ou oficinas) escolher a op\u00e7\u00e3o MINICURSO: N\u00c3O DESEJO PARTICIPAR DE NENHUMA ATIVIDADE (MINICURSO E\/OU OFICINA) QUERO PARTICIPAR COM OUVINTE DO <strong>Congresso Universit\u00e1rio no CCEA<\/strong>.<\/span><\/span><\/p>\n<p class=\"western\" align=\"justify\"><span style=\"font-family: Arial, serif\"><span style=\"font-size: small\"><b>OBS:<\/b><\/span><\/span><span style=\"font-family: Arial, serif\"><span style=\"font-size: small\"> Depois de escolhidas as atividades (minicursos e\/ou oficinas), e finalizada a inscri\u00e7\u00e3o, n\u00e3o ser\u00e1 poss\u00edvel acrescentar nem trocar de atividade, portanto, al\u00e9m do formato, observe dias e hor\u00e1rios dispon\u00edveis.<\/span><\/span><\/p>\n<p class=\"western\" align=\"justify\"><span style=\"font-family: Arial, serif\"><span style=\"font-size: small\">Na aba \u201cPrograma\u00e7\u00e3o\u201d ser\u00e3o disponibilizados os links de acesso \u00e0s atividades remotas e a localiza\u00e7\u00e3o das atividades presenciais.<\/span><\/span><\/p>\n<p class=\"western\" align=\"justify\"><span style=\"font-family: Arial, serif\"><span style=\"font-size: small\"><b>Minicursos e Oficinas<\/b><\/span><\/span><\/p>\n<p class=\"western\" align=\"justify\"><span style=\"font-family: Arial, serif\"><span style=\"font-size: small\">Os minicursos e oficinas possuem vagas limitadas disponibilizadas no sistema e s\u00f3 poder\u00e3o participar os que optarem pela atividade no momento da inscri\u00e7\u00e3o.<\/span><\/span><\/p>\n<p class=\"western\" align=\"justify\"><span style=\"font-family: Arial, serif\"><span style=\"font-size: small\">S\u00f3 poder\u00e1 participar dos minicursos e oficinas quem realizar inscri\u00e7\u00e3o pr\u00e9via nos mesmos.<\/span><\/span><\/p>\n<p class=\"western\" align=\"justify\"><span style=\"font-family: Arial, serif\"><span style=\"font-size: small\"><b>Credenciamento<\/b><\/span><\/span><\/p>\n<p class=\"western\" align=\"justify\"><span style=\"font-family: Arial, serif\"><span style=\"font-size: small\">O credenciamento s\u00f3 ser\u00e1 efetuado com a apresenta\u00e7\u00e3o de um documento oficial com foto (RG, CNH ou documento oficial expedido por \u00f3rg\u00e3os federais).<\/span><\/span><\/p>\n<p class=\"western\" align=\"justify\"><span style=\"font-family: Arial, serif\"><span style=\"font-size: small\">N\u00e3o ser\u00e1 permitido o credenciamento por terceiros, exceto atrav\u00e9s de procura\u00e7\u00e3o. A entrega do material do evento ser\u00e1 realizada apenas ao participante presente ou ao seu procurador.<\/span><\/span><\/p>\n<p class=\"western\" align=\"justify\"><span style=\"font-family: Arial, serif\"><span style=\"font-size: small\">O credenciamento (entrega do material \u2013 pasta, crach\u00e1, bloco e caneta) ocorrer\u00e1 no local do evento;<\/span><\/span><\/p>\n<p class=\"western\" align=\"justify\"><span style=\"font-family: Arial, serif\"><span style=\"font-size: small\">Haver\u00e1 lista de presen\u00e7a em todas as atividades.<\/span><\/span><\/p>\n<p class=\"western\" align=\"justify\"><span style=\"font-family: Arial, serif;color: #0000ff\"><span style=\"font-size: small\"><b>Fa\u00e7a Sua Inscri\u00e7\u00e3o<\/b><\/span><\/span><\/p>\n<p class=\"western\" align=\"justify\"><span style=\"font-family: Arial, serif\"><span style=\"font-size: small\">Acesse o link: <a href=\"https:\/\/suap.uepb.edu.br\/eventos\/inscricao\/60\/\">https:\/\/suap.uepb.edu.br\/eventos\/inscricao\/60\/<\/a><\/span><\/span><\/p>\n<p>[\/vc_column_text][\/vc_tta_section][vc_tta_section title=&#8221;Certificados&#8221; tab_id=&#8221;1723056893961-23202c5a-7142&#8243;][vc_column_text css=&#8221;&#8221;]<\/p>\n<ul>\n<li>Informamos aos participantes do <strong>Congresso Universit\u00e1rio no CCEA<\/strong> que os certificados ser\u00e3o enviados para o e-mail dos inscritos que estiveram presentes no evento, favor buscar, na caixa de entrada ou no SPAM, pelo assunto: [SUAP] Certificado de Participa\u00e7\u00e3o;<\/li>\n<li>O certificado de Participa\u00e7\u00e3o no <strong>Congresso Universit\u00e1rio no CCEA <\/strong>ser\u00e1 emitido com <strong>20 horas<\/strong> para todos os participantes inscritos e que assinaram as listas de presen\u00e7a;<\/li>\n<li>Os certificados de\u00a0participa\u00e7\u00e3o em Minicurso e Oficinaser\u00e3o emitidos com a carga hor\u00e1ria conforme a atividade desenvolvida, desde que tenha sido constatada a inscri\u00e7\u00e3o e presen\u00e7a, mediante assinatura das listas;<\/li>\n<li>Os certificados de Ministrantes de atividades ser\u00e3o enviados para o e-mail informado no ato da inscri\u00e7\u00e3o.<\/li>\n<\/ul>\n<p>[\/vc_column_text][\/vc_tta_section][\/vc_tta_tour][\/vc_column][\/vc_row]<\/p>\n<\/div>","protected":false},"excerpt":{"rendered":"<p>[vc_row][vc_column][vc_tta_tour][vc_tta_section title=&#8221;Apresenta\u00e7\u00e3o&#8221; tab_id=&#8221;1723051350484-74ca6583-f13f&#8221;][vc_column_text css=&#8221;&#8221;] &nbsp; &nbsp; &nbsp; &nbsp; &nbsp; Congresso Universit\u00e1rio no CCEA Tem\u00e1tica: Conex\u00f5es entre Empreendedorismo, Inova\u00e7\u00e3o e Educa\u00e7\u00e3o O &#8220;Congresso Universit\u00e1rio no CCEA&#8221; visa promover a integra\u00e7\u00e3o entre os cursos de gradua\u00e7\u00e3o do Centro de Ci\u00eancias Exatas e Sociais Aplicadas: Administra\u00e7\u00e3o, Computa\u00e7\u00e3o, F\u00edsica e Matem\u00e1tica. Trazendo uma programa\u00e7\u00e3o que oferece atividades de interesse <a class=\"leiamais\" href=\"https:\/\/eventos.uepb.edu.br\/congressouniversitario\/congresso-universitario-no-ccea\/\">Leia Mais&#8230;<\/a><\/p>\n","protected":false},"author":4,"featured_media":0,"parent":0,"menu_order":0,"comment_status":"closed","ping_status":"closed","template":"","meta":{"footnotes":""},"class_list":["post-1317","page","type-page","status-publish","hentry"],"_links":{"self":[{"href":"https:\/\/eventos.uepb.edu.br\/congressouniversitario\/wp-json\/wp\/v2\/pages\/1317","targetHints":{"allow":["GET"]}}],"collection":[{"href":"https:\/\/eventos.uepb.edu.br\/congressouniversitario\/wp-json\/wp\/v2\/pages"}],"about":[{"href":"https:\/\/eventos.uepb.edu.br\/congressouniversitario\/wp-json\/wp\/v2\/types\/page"}],"author":[{"embeddable":true,"href":"https:\/\/eventos.uepb.edu.br\/congressouniversitario\/wp-json\/wp\/v2\/users\/4"}],"replies":[{"embeddable":true,"href":"https:\/\/eventos.uepb.edu.br\/congressouniversitario\/wp-json\/wp\/v2\/comments?post=1317"}],"version-history":[{"count":17,"href":"https:\/\/eventos.uepb.edu.br\/congressouniversitario\/wp-json\/wp\/v2\/pages\/1317\/revisions"}],"predecessor-version":[{"id":2078,"href":"https:\/\/eventos.uepb.edu.br\/congressouniversitario\/wp-json\/wp\/v2\/pages\/1317\/revisions\/2078"}],"wp:attachment":[{"href":"https:\/\/eventos.uepb.edu.br\/congressouniversitario\/wp-json\/wp\/v2\/media?parent=1317"}],"curies":[{"name":"wp","href":"https:\/\/api.w.org\/{rel}","templated":true}]}}