{"id":1251,"date":"2024-08-23T10:24:19","date_gmt":"2024-08-23T13:24:19","guid":{"rendered":"https:\/\/eventos.uepb.edu.br\/congressouniversitario\/?page_id=1251"},"modified":"2024-10-28T07:56:14","modified_gmt":"2024-10-28T10:56:14","slug":"xxxi-encontro-de-iniciacao-cientifica-enic","status":"publish","type":"page","link":"https:\/\/eventos.uepb.edu.br\/congressouniversitario\/xxxi-encontro-de-iniciacao-cientifica-enic\/","title":{"rendered":"XXXI Encontro de Inicia\u00e7\u00e3o Cient\u00edfica &#8211; ENIC"},"content":{"rendered":"<div class=\"wpb-content-wrapper\"><p>[vc_row][vc_column][vc_tta_tour][vc_tta_section title=&#8221;Apresenta\u00e7\u00e3o&#8221; tab_id=&#8221;1723051350484-74ca6583-f13f&#8221;][vc_column_text css=&#8221;&#8221;]<img loading=\"lazy\" decoding=\"async\" class=\"alignleft size-medium wp-image-1696 img-responsive\" src=\"https:\/\/eventos.uepb.edu.br\/congressouniversitario\/wp-content\/uploads\/sites\/7\/2024\/09\/LOGO-ENIC-300x191.png\" alt=\"\" width=\"300\" height=\"191\" srcset=\"https:\/\/eventos.uepb.edu.br\/congressouniversitario\/wp-content\/uploads\/sites\/7\/2024\/09\/LOGO-ENIC-300x191.png 300w, https:\/\/eventos.uepb.edu.br\/congressouniversitario\/wp-content\/uploads\/sites\/7\/2024\/09\/LOGO-ENIC.png 316w\" sizes=\"auto, (max-width: 300px) 100vw, 300px\" \/><\/p>\n<p>&nbsp;<\/p>\n<p>&nbsp;<\/p>\n<p>&nbsp;<\/p>\n<p>&nbsp;<\/p>\n<p>&nbsp;<\/p>\n<p>&nbsp;<\/p>\n<p>&nbsp;<\/p>\n<p>Durante o <strong>IV Congresso Universit\u00e1rio <\/strong>da Universidade Estadual da Para\u00edba (UEPB), a Pr\u00f3- de Pesquisa e P\u00f3s-Gradua\u00e7\u00e3o (PRPGP) promover\u00e1 uma s\u00e9rie de atividades, entre as quais Reitoria se destaca o <strong>XXXI Encontro de Inicia\u00e7\u00e3o Cient\u00edfica (ENIC)<\/strong>, juntamente com diversas palestras tem\u00e1ticas de relev\u00e2ncia acad\u00eamica.<\/p>\n<p>&nbsp;<\/p>\n<p>As apresenta\u00e7\u00f5es dos trabalhos cient\u00edficos relacionados ao XXXI ENIC ocorrer\u00e3o nos dias <strong>6 e 7 de novembro<\/strong>, de maneira descentralizada, com atividades simult\u00e2neas em todos os campi da UEPB. As apresenta\u00e7\u00f5es ser\u00e3o realizadas tanto no formato presencial quanto remoto, abrangendo todos os estudantes que desenvolveram projetos de inicia\u00e7\u00e3o cient\u00edfica, sejam bolsistas ou volunt\u00e1rios, na cota 2023-2024, os quais t\u00eam a obrigatoriedade de apresentar os resultados obtidos.<\/p>\n<p>&nbsp;<\/p>\n<p>O evento contar\u00e1 com a participa\u00e7\u00e3o de mais de <strong>600 estudantes <\/strong>de inicia\u00e7\u00e3o cient\u00edfica, cujos trabalhos ser\u00e3o apresentados em diversos formatos e modalidades. No campus I, na <strong>Central Acad\u00eamica Paulo Freire (CAPF)<\/strong>, haver\u00e1 a realiza\u00e7\u00e3o de <strong>quatro palestras com temas transversais<\/strong>, abordando os seguintes t\u00f3picos:<\/p>\n<p>&nbsp;<\/p>\n<ul>\n<li><strong>Curr\u00edculo Lattes <\/strong>\u2013 Ministrada pelo Professor Dr. Jos\u00e9 Germano V\u00e9ras Neto (UEPB), no formato presencial;<\/li>\n<li><strong>Reda\u00e7\u00e3o Cient\u00edfica <\/strong>\u2013 Ministrada pelo Professor Jo\u00e3o Augusto Oshiro Junior (UEPB), no formato presencial;<\/li>\n<li><strong>ODS e Agenda 2030 <\/strong>\u2013 Ministrada pelo Professor Dr. Jos\u00e9 Etham de Lucena Barbosa (UEPB), no formato presencial;<\/li>\n<li><strong>Intelig\u00eancia Artificial e os Impactos nos Trabalhos Acad\u00eamicos <\/strong>\u2013 Ministrada pelo servidor e mestrando Marcelo da Silva Carvalho (UEPB), tamb\u00e9m no formato presen-<\/li>\n<\/ul>\n<p>&nbsp;<\/p>\n<p>Al\u00e9m dessas atividades, ser\u00e3o realizadas palestras promovidas pelos Comit\u00eas de \u00c9tica da UEPB.<\/p>\n<p>&nbsp;<\/p>\n<p>No dia <strong>07 de novembro<\/strong>, o <strong>Comit\u00ea de \u00c9tica em Pesquisa Envolvendo Seres Humanos (CEP-UEPB) <\/strong>oferecer\u00e1, em plataforma virtual, a palestra intitulada:<\/p>\n<p>&nbsp;<\/p>\n<ul>\n<li><strong>Organiza\u00e7\u00e3o e Cadastro de Protocolos de Pesquisa na Plataforma Brasil <\/strong>\u2013 Minis- trada pela Professora Me. Senyra Martins Cavalcanti, vinculada ao Departamento de Enfermagem e ao CEP-UEPB.<\/li>\n<\/ul>\n<p>&nbsp;<\/p>\n<p>Ainda no dia <strong>07 de novembro<\/strong>, no audit\u00f3rio da Central de Aulas, o <strong>Comit\u00ea de \u00c9tica no Uso de Animais (CEUA-UEPB) <\/strong>realizar\u00e1, de forma presencial, as seguintes palestras:<\/p>\n<p>&nbsp;<\/p>\n<ul>\n<li><strong>Palestra 1: Princ\u00edpios da An\u00e1lise Pr\u00e9-Cl\u00ednica: Fundamentos da Pesquisa In Vivo <\/strong>\u2013 Ministrada pela Perita Qu\u00edmica e Coordenadora do curso de Farm\u00e1cia da UNIFACI- SA, Professora Dra. Alyne da Silva Portela;<\/li>\n<li><strong>Palestra 2: Conhecendo o Centro de Bioterismo por Dentro <\/strong>\u2013 Ministrada pela Co- ordenadora e Respons\u00e1vel T\u00e9cnica do Centro de Bioterismo da UEPB, Professora Aleth\u00e9ia Car\u00edzia Baracho de Lima Souza.<\/li>\n<\/ul>\n<p>&nbsp;<\/p>\n<p>No dia <strong>08 de novembro<\/strong>, ser\u00e1 realizada a <strong>cerim\u00f4nia de premia\u00e7\u00e3o dos melhores trabalhos de Inicia\u00e7\u00e3o Cient\u00edfica<\/strong>, bem como a entrega do <strong>Pr\u00eamio UEPB de Teses e Disserta\u00e7\u00f5es Rosilda Alves Bezerra<\/strong>, que homenagear\u00e1 os autores das melhores teses e disserta\u00e7\u00f5es defendidas na institui\u00e7\u00e3o.<\/p>\n<p>&nbsp;<\/p>\n<p>As inscri\u00e7\u00f5es para todas as atividades do IV Congresso Universit\u00e1rio e do XXXI ENIC ser\u00e3o realizadas exclusivamente por meio da plataforma <strong>Doity<\/strong>, atrav\u00e9s dos seguintes links: <a href=\"https:\/\/doity.com.br\/iv-congresso-universitrio-da-uepb\">https:\/\/doity.com.br\/iv-congresso-universitrio-da-uepb<\/a> e <a href=\"https:\/\/doity.com.br\/iv-congresso-universitrio-da-uepb-1\">https:\/\/doity.com.br\/iv-congresso-<\/a> <a href=\"https:\/\/doity.com.br\/iv-congresso-universitrio-da-uepb-1\">universitrio-da-uepb-1<\/a>.<\/p>\n<p>&nbsp;<\/p>\n<p>&nbsp;<\/p>\n<p>Prof. Dr. Francisco Jaime Bezerra Mendon\u00e7a J\u00fanior<\/p>\n<p>Pr\u00f3-Reitor de P\u00f3s-Gradua\u00e7\u00e3o e Pesquisa<\/p>\n<p>Matr\u00edcula 5237688[\/vc_column_text][\/vc_tta_section][vc_tta_section title=&#8221;Inscri\u00e7\u00f5es&#8221; tab_id=&#8221;1723056843092-3b78113b-6dca&#8221;][vc_column_text css=&#8221;&#8221;]Link com todas as informa\u00e7\u00f5es necess\u00e1rias para inscri\u00e7\u00f5es e sobre d\u00favidas gerais do ENIC.<\/p>\n<div><a href=\"https:\/\/uepb.edu.br\/pro-reitoria-de-pos-graduacao-e-pesquisa-abre-periodo-de-inscricoes-para-o-31o-encontro-de-iniciacao-cietifica\/\" target=\"_blank\" rel=\"noopener\" data-saferedirecturl=\"https:\/\/www.google.com\/url?q=https:\/\/uepb.edu.br\/pro-reitoria-de-pos-graduacao-e-pesquisa-abre-periodo-de-inscricoes-para-o-31o-encontro-de-iniciacao-cietifica\/&amp;source=gmail&amp;ust=1729171810884000&amp;usg=AOvVaw3WXvBKMweXGqftbj18FKoP\">https:\/\/uepb.edu.br\/pro-reitoria-de-pos-graduacao-e-pesquisa-abre-periodo-de-inscricoes-para-o-31o-encontro-de-iniciacao-cietifica\/<\/a><\/div>\n<p>[\/vc_column_text][\/vc_tta_section][vc_tta_section title=&#8221;Apresenta\u00e7\u00e3o de Trabalhos&#8221; tab_id=&#8221;1723056880150-d9a0f853-f4df&#8221;][vc_column_text css=&#8221;&#8221;]Confira aqui os locais e hor\u00e1rios de apresenta\u00e7\u00f5es do ENIC<\/p>\n<p><a href=\"https:\/\/eventos.uepb.edu.br\/congressouniversitario\/download\/locais-e-horarios-de-apresentacoes-do-enic-06-11-presencial\/\">Locais e hor\u00e1rios de apresenta\u00e7\u00f5es do ENIC \u2013 06\/11 \u2013 PRESENCIAL<\/a><\/p>\n<p><a href=\"https:\/\/eventos.uepb.edu.br\/congressouniversitario\/download\/locais-e-horarios-de-apresentacoes-do-enic-06-11-remota\/\">Locais e hor\u00e1rios de apresenta\u00e7\u00f5es do ENIC \u2013 06\/11 \u2013 REMOTA<\/a><\/p>\n<p><a href=\"https:\/\/eventos.uepb.edu.br\/congressouniversitario\/download\/locais-e-horarios-de-apresentacoes-do-enic-07-11-presencial\/\">Locais e hor\u00e1rios de apresenta\u00e7\u00f5es do ENIC \u2013 07\/11 \u2013 PRESENCIAL<\/a><\/p>\n<p><a href=\"https:\/\/eventos.uepb.edu.br\/congressouniversitario\/download\/locais-e-horarios-de-apresentacoes-do-enic-07-11-remota\/\">Locais e hor\u00e1rios de apresenta\u00e7\u00f5es do ENIC \u2013 07\/11 \u2013 REMOTA<\/a>[\/vc_column_text][\/vc_tta_section][vc_tta_section title=&#8221;Premia\u00e7\u00e3o&#8221; tab_id=&#8221;1729087565788-21082ef4-15c9&#8243;][vc_column_text css=&#8221;&#8221;]Em constru\u00e7\u00e3o.[\/vc_column_text][\/vc_tta_section][vc_tta_section title=&#8221;Certificados&#8221; tab_id=&#8221;1723056893961-23202c5a-7142&#8243;][vc_column_text css=&#8221;&#8221;]Em constru\u00e7\u00e3o[\/vc_column_text][\/vc_tta_section][\/vc_tta_tour][\/vc_column][\/vc_row]<\/p>\n<\/div>","protected":false},"excerpt":{"rendered":"<p>[vc_row][vc_column][vc_tta_tour][vc_tta_section title=&#8221;Apresenta\u00e7\u00e3o&#8221; tab_id=&#8221;1723051350484-74ca6583-f13f&#8221;][vc_column_text css=&#8221;&#8221;] &nbsp; &nbsp; &nbsp; &nbsp; &nbsp; &nbsp; &nbsp; Durante o IV Congresso Universit\u00e1rio da Universidade Estadual da Para\u00edba (UEPB), a Pr\u00f3- de Pesquisa e P\u00f3s-Gradua\u00e7\u00e3o (PRPGP) promover\u00e1 uma s\u00e9rie de atividades, entre as quais Reitoria se destaca o XXXI Encontro de Inicia\u00e7\u00e3o Cient\u00edfica (ENIC), juntamente com diversas palestras tem\u00e1ticas de relev\u00e2ncia acad\u00eamica. <a class=\"leiamais\" href=\"https:\/\/eventos.uepb.edu.br\/congressouniversitario\/xxxi-encontro-de-iniciacao-cientifica-enic\/\">Leia Mais&#8230;<\/a><\/p>\n","protected":false},"author":4,"featured_media":0,"parent":0,"menu_order":0,"comment_status":"closed","ping_status":"closed","template":"","meta":{"footnotes":""},"class_list":["post-1251","page","type-page","status-publish","hentry"],"_links":{"self":[{"href":"https:\/\/eventos.uepb.edu.br\/congressouniversitario\/wp-json\/wp\/v2\/pages\/1251","targetHints":{"allow":["GET"]}}],"collection":[{"href":"https:\/\/eventos.uepb.edu.br\/congressouniversitario\/wp-json\/wp\/v2\/pages"}],"about":[{"href":"https:\/\/eventos.uepb.edu.br\/congressouniversitario\/wp-json\/wp\/v2\/types\/page"}],"author":[{"embeddable":true,"href":"https:\/\/eventos.uepb.edu.br\/congressouniversitario\/wp-json\/wp\/v2\/users\/4"}],"replies":[{"embeddable":true,"href":"https:\/\/eventos.uepb.edu.br\/congressouniversitario\/wp-json\/wp\/v2\/comments?post=1251"}],"version-history":[{"count":13,"href":"https:\/\/eventos.uepb.edu.br\/congressouniversitario\/wp-json\/wp\/v2\/pages\/1251\/revisions"}],"predecessor-version":[{"id":2140,"href":"https:\/\/eventos.uepb.edu.br\/congressouniversitario\/wp-json\/wp\/v2\/pages\/1251\/revisions\/2140"}],"wp:attachment":[{"href":"https:\/\/eventos.uepb.edu.br\/congressouniversitario\/wp-json\/wp\/v2\/media?parent=1251"}],"curies":[{"name":"wp","href":"https:\/\/api.w.org\/{rel}","templated":true}]}}